8 = -3*k. Suppose g = -0*g - 16. Let t = k + g. What is the tens digit of t?
1
Suppose -17*k = -12*k - 45. Suppose k*i - 13*i + 12 = 0. What is the units digit of i?
3
Let v(m) = -160*m - 660. What is the hundreds digit of v(-6)?
3
What is the tens digit of (-15418)/(-12) + 28/168?
8
Suppose 83*o - 117 = 80*o. What is the units digit of 52/o*(-3)/(-2)?
2
Let n = 115 + 235. What is the tens digit of n?
5
Let t(k) = k**2 - 2*k + 1. Let v be t(2). Suppose -2*h + v + 25 = 0. Suppose -h = 3*w - 169. What is the tens digit of w?
5
Let v(m) be the second derivative of -m**3/6 - m**2/2 + 11*m. Let l = -20 - -5. What is the units digit of v(l)?
4
Let z be 11/4 + 0 + 2/8. Suppose z*h - 22 = 8. What is the tens digit of h?
1
Let g = 2703 + -2024. What is the units digit of g?
9
Suppose 8*p - 17 = 23. Suppose p*l + 3*l = 808. What is the hundreds digit of l?
1
Let n = -19 + 59. Suppose 0*g + n = -4*g. Let o = 2 - g. What is the units digit of o?
2
Let h = 37 - 22. Let v = h + -10. Suppose 0*s - 3*r = 3*s, 3*s + v*r + 4 = 0. What is the units digit of s?
2
Let g(x) = -x**3 + 4*x**2 + 6*x - 2. Suppose 0 = -4*h + 4 + 16. Let u be g(h). Suppose 0 = u*i + 3*v - 27, -5*i + 41 = 3*v - 2. What is the units digit of i?
8
What is the units digit of (-23)/(-1 - (-8)/10)?
5
Let z(j) = -77*j**2 - 8*j + 11. Let k(a) = -39*a**2 - 4*a + 5. Let w(h) = -13*k(h) + 6*z(h). What is the units digit of w(2)?
9
Let b = -3325 - -5867. What is the tens digit of b?
4
What is the tens digit of (5 + -7395)*(-6)/15?
5
Suppose y - 36 = 3*p, y - 4*p = -y + 82. What is the units digit of y?
1
Let p(b) = b**2 + 4*b - 7. Let i be p(-6). Suppose 0 = 9*v - i*v - 8. Suppose 5*d - v*z - 22 = 188, z = -3*d + 126. What is the tens digit of d?
4
Suppose 15 = -4*l + l. Let j(s) = 2*s**2 - s - 4. What is the units digit of j(l)?
1
Suppose 0*v + 2*b = v + 4, b = 3*v + 12. Let x(c) = c**2 + 13 + 8*c + 2*c**2 + c. What is the units digit of x(v)?
5
Let k be 5256/26 - (-4)/(-26). What is the hundreds digit of (-1)/((4/k)/(-2)) + 2?
1
What is the tens digit of (((-4)/(-4))/2)/((-8)/(-19280))?
0
Suppose 4*v + 81 = -239. Let m = v - -198. What is the tens digit of m?
1
Let r(c) = -c**2 + 4*c. Suppose -2 = 2*o - 8. Let g be r(o). Suppose 5*u - 6 = g*u. What is the units digit of u?
3
Suppose -d = -6*d - 460. Let r = d + 133. What is the tens digit of r?
4
Let v = 340 - -55. Let x = -140 + v. What is the units digit of x?
5
Let a(n) = 2*n**3 + 2*n**2 - 11*n + 6. What is the units digit of a(5)?
1
Suppose 2*t = -t. Suppose d - 6 = -t*d. What is the units digit of d?
6
What is the units digit of (-30)/50 - 1/((-5)/3758)?
1
Suppose 32625 = -81*j + 106*j. What is the units digit of j?
5
Suppose -l - l + 174 = 0. Suppose 11*v = 12*v - l. What is the units digit of v?
7
What is the units digit of 11/(-3) - -3 - 284/(-12)?
3
Suppose 0 = 3*l - w - 3323, 5*l - 5557 = 3*w - 6*w. What is the tens digit of l?
0
Let o(u) = -2*u**3 + 2*u**2 - u - 2. Let b be o(-1). Suppose b*k + 2*k = 215. What is the tens digit of k?
4
Let a = -36 + 21. What is the tens digit of (-429)/a - 3/5?
2
Let p(o) = -38*o + 264. What is the hundreds digit of p(-44)?
9
Let t = 260 + 210. What is the hundreds digit of t?
4
Suppose -8*h - 4 = -12*h. Let z(p) = 55*p**2. What is the units digit of z(h)?
5
Let x(o) = o**3 - 18*o**2 + 7*o - 72. What is the units digit of x(20)?
8
Suppose -12 = -v - 3*v. Suppose -5*i + v + 17 = 0. Suppose 2*c - i*w - 6 = 0, w - 39 = -0*c - 4*c. What is the units digit of c?
9
Let j = -14 - -17. Let b(u) = -10 - 12 + 19 + 11*u. What is the units digit of b(j)?
0
Let b be -4 + 11 - (1 + 3). Suppose -12 = -3*v + b*y, 3*v + 0*y - 14 = y. Suppose -v*z - 25 = -10*z. What is the units digit of z?
5
Suppose -3*j + 145 = -524. Let c = j + -76. What is the units digit of c?
7
Suppose -4*l - 22 = -0*l + 2*u, 3 = -u. What is the tens digit of 2/((16/6)/l) + 175?
7
Suppose 4*t = 1 - 5. Let q be 0/1 - t/(-1). What is the units digit of q/(-4) - 19/(-4)?
5
Let d be (-1 + 123/6)*-2. Let l = d + 56. Let m = l - -12. What is the tens digit of m?
2
Suppose 5*n + 4*p - 3396 = 0, 2*n + 18*p - 13*p - 1372 = 0. What is the hundreds digit of n?
6
Let y be (((-225)/6)/5)/(2/(-4)). What is the tens digit of (y/(-6) + 2)/((-2)/296)?
7
Let z = -253 + 393. Let f(m) = 4*m**3 - 4*m**2 + 3*m - 2. Let p be f(2). Suppose -4*s + z = p. What is the tens digit of s?
3
Let d(l) = -157*l**3 - 2*l**2 - 4*l - 2. What is the tens digit of d(-1)?
5
Let d be 18*(-1 + -1) + 2. Let l = 69 + d. What is the units digit of l?
5
Let f(v) = -3*v. Let n(l) = -2*l. Let w(c) = 6*f(c) - 5*n(c). Let h(s) = 5*s - 26. Let z be h(5). What is the units digit of w(z)?
8
Let s(v) = v**3 - 8*v**2 + 2. Let f = 11 + -3. Let x be s(f). Suppose -4*z = -x*j + j + 47, -15 = -j - 4*z. What is the units digit of j?
1
Suppose 12*x + 11*x - 4876 = 0. What is the units digit of x?
2
Let o(y) = -y - y + y + 15. Suppose 0 = -3*s + 4*z + 25, 0 = s - 11*z + 12*z - 6. What is the units digit of o(s)?
8
Let p = -69 - -206. Let x = 215 - p. What is the units digit of x?
8
Suppose z - 8621 = -2*s, -2*z - 4369 = -2*s + 4249. What is the units digit of s?
0
Suppose 3*t - 3*d - 750 = 0, -d + 334 + 163 = 2*t. What is the hundreds digit of t?
2
Let j = -201 - -255. What is the units digit of j?
4
What is the tens digit of (-39704)/(-40) - (-6)/(-10)?
9
Let k = -101 - -942. What is the tens digit of k?
4
Let l = 23 - 27. What is the tens digit of 5/(-20) - 125/l?
3
Let a(c) = 47*c + 20. What is the tens digit of a(2)?
1
Let s(p) = 28*p - 5. Let w(o) = o - 1. Let q(c) = s(c) - w(c). What is the units digit of q(2)?
0
Let x(t) = -19*t + 209. What is the tens digit of x(-63)?
0
Suppose -1579*m + 9156 = -1573*m. What is the hundreds digit of m?
5
Let b(z) = 2*z - 14. Let y be b(8). Suppose 3*n + 2*l = -4, -y*n + l + 3*l = -24. Suppose -17 = -n*c + 15. What is the tens digit of c?
1
Let p be (238 + -1)*30/(-15). Let w be (-6)/21 - p/(-7). What is the tens digit of w/1*(-3)/6?
3
Suppose w + 5 = 0, -j + 0 + 13 = 2*w. Suppose 7 = -4*o + j. What is the units digit of (18/27)/(o/234)?
9
Let u(g) = g**2 + 2. What is the units digit of u(18)?
6
Suppose 3*v + 0*v - 9 = 0. Suppose -l + 168 = v*l. What is the tens digit of l?
4
Suppose 1 + 15 = 4*w. What is the tens digit of 1/w - -175*1/4?
4
What is the tens digit of (392/(-6))/((-84)/378)?
9
Let n be 2/8 + (-95)/(-20). Suppose -n*p + 60 = -10. What is the tens digit of p?
1
Let m(c) = -449*c - 7. What is the tens digit of m(-1)?
4
Suppose 2*v + 68 = -5*u + 2, -4 = u + 5*v. Let l = 130 + -88. Let w = u + l. What is the tens digit of w?
2
Let a(z) = -40*z + 1406. What is the units digit of a(0)?
6
Suppose 5*x - u = 21, 2*x + 5 - 12 = -u. Suppose 0 = -f + 2*i + 3, -i = x*f - 4*i + 13. What is the tens digit of 2 - 3*(-3 + f)?
3
Suppose 2*d - 2474 = -2*i, -3 = i - 7. Suppose -9*y - 216 = -d. What is the hundreds digit of y?
1
Suppose f + 15 = 4*b, -b - f + 7 = 2*f. Let l be (-81)/36 + (-3)/b. What is the tens digit of (1 + 48/(-9))*l?
1
Let i(g) = 55*g**2 + 8*g + 11. Let j(f) = 109*f**2 + 16*f + 21. Let k(l) = 5*i(l) - 2*j(l). What is the tens digit of k(-2)?
2
Suppose p = -z + 1 + 3, 0 = -4*z + p + 21. Suppose -7*s = -z*s - 108. Suppose -y - s = -2*x, 0 = x + y - 0*y - 33. What is the units digit of x?
9
Suppose -5*w + 10 = 0, 5*k + 0*w + 3*w = 20341. What is the tens digit of k?
6
Let n = 2067 - -1253. What is the tens digit of n?
2
Let h(x) be the first derivative of -3*x**4/4 + x**3 - 4*x**2 - 9*x - 54. What is the tens digit of h(-4)?
6
Suppose s - g - 2 = 0, -1 = 5*s + 2*g - 11. Let f(d) = -2 + 4*d**s + 6 - 5 + 0*d**2. What is the units digit of f(1)?
3
Suppose -j + 4*p + 8 = 0, 2*j - 5*p = -6*p + 25. Let f be j/(-20) - 136/(-10). Let t = f + 1. What is the tens digit of t?
1
Suppose -3*q - 5*s + 16 = 0, 5*q + 8 - 3 = -2*s. What is the units digit of 64/(-2 + 4) - q?
5
Let m(q) = -q. Let p(j) = -3*j - 8. Let g(l) = -2*m(l) + 2*p(l). Let s be g(-7). Let i = s - -8. What is the tens digit of i?
2
Let n be ((-2)/(-10) - (-22)/(-10)) + 2. What is the tens digit of -4 + n + 78 + 5?
7
Let u(c) = c**3 + 4*c**2. Let o be u(-4). Let b be (2 - 2 - -45) + o. Let n = b - 11. What is the tens digit of n?
3
Suppose 2*x + 12 = 3*c, 3*x = -0*x - 3*c + 12. Suppose -4*a - 4*a + 1